nits digit of p(0)?
3
Suppose -23 = 3*y + 4. Let t be 1/3 - 294/y. What is the tens digit of (-1)/(-2)*(t + -7)?
1
Suppose 6*d - 994 = 638. What is the tens digit of d?
7
Let t(w) = 3*w**2 + 9*w - 24. Let r(n) = 7*n**2 + 18*n - 48. Let l(a) = -2*r(a) + 5*t(a). Let y be l(-11). What is the tens digit of 140/12 - y/6?
1
Suppose 0 = -u + 23 - 3. Let s be u*1*3/12. Suppose -6*o = -s*o - 38. What is the tens digit of o?
3
Let z(h) = 3*h**2 + 28*h - 49. What is the thousands digit of z(15)?
1
Let b be ((-314)/4)/(15/(-10) + 1). Let u = b + -100. What is the tens digit of u?
5
Let f(g) = -g**3 + 26*g**2 - 16*g - 112. What is the units digit of f(24)?
6
Let u(p) = -5*p + 3. Let d = -34 - -46. Let y = 9 - d. What is the tens digit of u(y)?
1
What is the units digit of (-351)/54*34/(-4)*24?
6
Suppose 4*n - 2*n = 16. Suppose -n = 3*t - 5*t. What is the units digit of 60/35 - t/(-14)?
2
Let o = 5618 - 2940. What is the thousands digit of o?
2
Suppose 2*j + 10 = 5*r, -9*j + 5*r = -5*j. Suppose v = j*t + 3*v - 416, 0 = -t - 3*v + 78. What is the units digit of t?
4
Let f(h) = 68*h + 283. What is the hundreds digit of f(16)?
3
Suppose -29*o = -11226 - 44019. What is the hundreds digit of o?
9
Let d be ((-8025)/(-12))/5 - 10/(-40). Suppose 74 = p - d. What is the hundreds digit of p?
2
Let t be (195/(-6))/((-3)/438). Suppose -t = -12*k - 1349. What is the tens digit of k?
8
Let z(o) = -o**2 - 10*o - 11. Suppose 7*f + p = 2*f - 40, 5*f - 4*p + 65 = 0. Let q be z(f). What is the tens digit of (8/q)/(-1) - -36?
4
What is the hundreds digit of 20/110 - (-4079)/11?
3
Let k = -779 - -1406. What is the hundreds digit of k?
6
Let d = 2486 + -1301. What is the units digit of d?
5
Suppose 0 = 2*t - 0*t - 16. Suppose b = 2*b - t. Suppose -b*s + 3*s + 195 = 0. What is the units digit of s?
9
Suppose -101*s + 173505 = -132626. What is the units digit of s?
1
Let x = 1138 + -533. What is the tens digit of x?
0
Let d(x) be the first derivative of 10*x**2 + x + 2. Let r = -34 + 35. What is the tens digit of d(r)?
2
Let q be 6/(-4) - 50/4. Let x be q/(-28)*6*1. Suppose 0 = -x*h - n + 102, 3*h - 4*n - 117 = -0*h. What is the units digit of h?
5
Let c(y) be the second derivative of 23*y**3/6 - y**2/2 - 69*y + 1. Suppose -r - 4*t = -17, 6*r - 2*r - t = 0. What is the units digit of c(r)?
2
Let y(n) = -10*n + 23. What is the hundreds digit of y(-11)?
1
Let i = 1 + -4. Let h be i + 4/(-8)*-12. Suppose h*q + 5 = 8*q. What is the units digit of q?
1
Let y(r) = -88*r + 383. What is the units digit of y(-23)?
7
Let d(y) = 505*y + 216. What is the thousands digit of d(7)?
3
Suppose -11*x + 2364 + 4885 = 0. Suppose -5*o - x = -4*m, m + 2*o = 64 + 104. What is the tens digit of m?
6
Let s = 16 - 13. Suppose 87 = 5*u - s*u - r, -5*r = 2*u - 57. Suppose -5*t - 3*b + 14 = -34, 4*t + 5*b - u = 0. What is the units digit of t?
9
Let f(q) = 10*q + 0*q**2 - q**2 + 5*q - 5*q + 14. Let v be f(11). Suppose -s = v*s - 124. What is the tens digit of s?
3
Let g(b) = -b**3 - 6*b**2 - 6*b - 1. Let h be g(-5). Suppose h*c - 9*c + 15 = 0. Suppose 5*k - 58 = -f, -67 + c = -5*k + 2*f. What is the tens digit of k?
1
Let o(l) = -5*l**2 - 7*l - 2. Let a(f) = -4*f**2 - 7*f - 1. Let n(b) = 4*a(b) - 3*o(b). Let v be n(-7). Suppose -6 = -0*s - v*s. What is the units digit of s?
3
Let j(d) = -d**3 + 6*d**2 - 2*d + 1. Let k be j(6). Let q = -7 - k. Suppose -g + 4 = 0, 80 = q*u + g + 4*g. What is the units digit of u?
5
Let x be ((-1)/(-5) - 1)/(3/(-15)). Suppose x*d = 2*i + 186, i = -4*d - 0*i + 183. What is the tens digit of d?
4
Let z = -8 - -10. Suppose -4*i - 4 = -4*v - 52, z*v + 4*i = -24. Let f = 15 - v. What is the tens digit of f?
2
Let f(j) = -61*j + 62*j - 8*j**2 + j**3 + 11 - 2*j**3. What is the units digit of f(-8)?
3
Suppose 0 = -18*t - 980 + 3068. What is the hundreds digit of t?
1
Suppose 12 - 2 = 2*o. Suppose -475 = o*m - 1285. What is the tens digit of m?
6
Let a(d) = -7*d + 5 + 3*d + 3*d - 3*d. What is the units digit of a(-17)?
3
Let l(h) = -h**3 + 2*h**2 - 2*h - 2. Let t be l(2). What is the tens digit of 1735/30 + (-1)/t?
5
Let s = 13 - -26. Suppose -s = 15*h - 18*h. Suppose 0 = -3*u + 14 + h. What is the units digit of u?
9
Suppose 3*d = 4*a - 25, 5*a - 18 + 7 = -3*d. Suppose a*y - 84 = 76. What is the units digit of y?
0
Suppose 0 = -g - 3 - 3. Let b be (g/(-8))/((-6)/(-16)). Suppose 2*t - 88 = -2*r, -2*t + 0*r + 92 = -b*r. What is the units digit of t?
5
Let f(d) = -11*d - 43. Suppose -5*v - 78 = v. What is the hundreds digit of f(v)?
1
Suppose -9 = -4*i + 3*s + 7, -i - 2*s + 4 = 0. Suppose -5*w + 20 = i*d, d + w = -w + 8. What is the units digit of (-38)/(0 + -2 - d)?
9
Let o(g) = g**2 - 3*g + 28. Let z be o(6). What is the tens digit of -1 + z - (-9)/(2 + -5)?
4
Let z(f) = f**2 + 28*f + 78. What is the units digit of z(-27)?
1
Suppose 0 = -44*g + 41*g. Suppose g = -k - 5*k + 1428. What is the hundreds digit of k?
2
Suppose i + 7*s - 5*s - 45 = 0, 15 = -3*s. What is the tens digit of i?
5
Let x(g) = -g + 20. Let v be x(11). Let z = 4 - v. What is the tens digit of 1 + z - 2*-12?
2
Suppose -3*b + 2*x - 15 = -5, -15 = 2*b - 3*x. Suppose -j - 3*v = 58, -j - 66 = -b*j + 5*v. Let z = 67 + j. What is the units digit of z?
1
Suppose 4*f + 43 = -5*q - 5, -3*q + 5*f - 14 = 0. Let m(r) = 3*r - 12. Let t be m(q). What is the tens digit of (70/(-8))/(9/t)?
3
Let v(t) = -t**3 - 18*t**2 + 19*t + 2. Let n be v(-19). Suppose 65 = n*m - 73. What is the tens digit of m?
6
Let w be 15*-14*5/15. Let r = 72 + w. What is the units digit of r?
2
Suppose 3*w + 336 = l, -332 = 5*l - 5*w - 2022. What is the units digit of l?
9
Let y(p) = -4*p**2 + p**3 - 5*p**2 + 1 + 6*p + 2*p**2. Suppose -r + 6*r - 30 = 0. What is the units digit of y(r)?
1
Let c(b) = 9*b - 26. Let u be c(8). Suppose 9*g - 10*g + u = 0. What is the tens digit of g?
4
Suppose 2*q - 9 + 1 = 0, -x + 21 = 5*q. What is the tens digit of (-1 - (-2 + x))/3 - -51?
5
Suppose -3*x - 5*l + 11 = -0*l, -x - 5*l = -7. Suppose -x*h - 3*h = -390. What is the units digit of h?
8
Suppose 0 = 4*f - 3*l - 11479, 9*l - 5*l = -4*f + 11444. What is the tens digit of f?
6
Suppose -2*w - 5*w + 448 = 0. Let a = w + -12. Let k = -34 + a. What is the tens digit of k?
1
Suppose -2*w + o = -2*o - 25, 0 = -2*w - 4*o + 60. Suppose -3*z - 6 = 5*i + 4, -z - 5*i = w. Suppose 0 = -8*u + 3*u + z. What is the units digit of u?
1
Suppose 9*s - 89 - 19 = 0. Let k(b) = 8*b + 3. What is the tens digit of k(s)?
9
Suppose -7 = -4*z - 19. Let l be 6 - ((-16)/4 - z). What is the units digit of (0 - (-4 + 3))*l?
7
Suppose 3*u + 6 - 21 = b, -5*b - 9 = -4*u. Let h be 9/6 - (-3)/u. What is the units digit of (2 - h) + -3 + 35?
2
Suppose 5*n = 4*w - w + 871, -5*n + 889 = 3*w. Let g = n - 126. What is the tens digit of g?
5
Let d(z) = z + 1. Let q(b) = -21*b + 21. Let c(t) = 4*d(t) - 2*q(t). What is the tens digit of c(5)?
9
Suppose -13*z + 14907 + 12510 = 0. What is the units digit of z?
9
Let r(j) = 2*j - 16. Let s be r(5). What is the tens digit of (-3)/s + (-615)/(-10)?
6
Let q = 10558 + -6047. What is the units digit of q?
1
Let n be (-3 - -3)/(-5 + 7). Suppose n = -4*p - 0*o - o - 4435, -4*o - 1120 = p. What is the tens digit of p/(-36) + (-2)/(-9)?
3
Let g(t) = -t**3 - t**2 - t + 33. Let b be g(0). Let f = b + 26. What is the tens digit of f?
5
Suppose -3*h - f + 20 = -0*f, h - 16 = -5*f. Let r(i) be the second derivative of 5*i**3/6 - 5*i**2 - 3*i. What is the tens digit of r(h)?
2
Let v(c) = 3*c**2 - 3*c - 5. Let p be ((-2)/5)/(2/70). Let r = p + 18. What is the tens digit of v(r)?
3
Let h = 555 + -295. What is the hundreds digit of h?
2
Suppose 36 = 7*g - 4*g. Suppose 10*q = g*q - 86. What is the tens digit of q?
4
Suppose 0*i + 4*i + 24 = 0. Let a = 3 + i. What is the tens digit of a/(-4) - (-164)/16?
1
Suppose -10 = -2*u - 3*h + 7, 3*u - 6 = 2*h. Suppose 0*j = -4*j + u. What is the units digit of j - 0 - (-2 - 4)?
7
Let z(x) = x**2 + 9*x - 6. Let w be z(-8). Let t(c) = 2*c + 30. Let u be t(w). What is the units digit of 195/26 + u/(-4)?
7
Let i(f) = -3*f + 4. Suppose 0*p + p = 4*j + 120, 150 = -5*j + 4*p. Let g = j - -20. What is the tens digit of i(g)?
3
What is the tens digit of (6258/(-35))/(42/(-10) + 4)?
9
Let l = 1081 + 85. What is the hundreds digit of l?
1
Suppose -l + 3*z =